 v(x) = 136*x - 5855. Give v(43).
-7
Let n(k) = -k**2 - 59*k - 120. What is n(-2)?
-6
Let m(k) = -k**3 + k**2 + 77*k + 29. What is m(10)?
-101
Let p(w) = w**3 + 5*w**2 - 9*w + 51. Determine p(-6).
69
Let o(h) = h**2 - 25*h + 93. What is o(21)?
9
Let p(j) = 33*j - 68. Calculate p(-2).
-134
Let l(b) = -60*b - 4. Calculate l(5).
-304
Let n(d) = -20*d + 149. Calculate n(8).
-11
Let v(x) = 92*x - 250. Determine v(5).
210
Let b(o) = -309*o + 6805. What is b(22)?
7
Let v(d) = 14*d**2 - 71*d - 33. Give v(8).
295
Let h(u) = -32*u - 241. What is h(-13)?
175
Let j(l) = 36*l**2 + 21*l + 17. Calculate j(3).
404
Let x(v) = 7*v**2 - 115*v + 24. What is x(16)?
-24
Let g(i) = 4*i**2 + 130*i + 714. Calculate g(-7).
0
Let m(p) = p**3 + 9*p**2 + 491*p + 5015. Determine m(-10).
5
Let g(j) = -2*j**2 - 212*j - 1005. What is g(-5)?
5
Let k(m) = -23*m**2 + 191*m - 3. Give k(8).
53
Let u(x) = -160*x + 9286. What is u(58)?
6
Let o(v) = v**3 - 14*v**2 - 123*v. Determine o(-6).
18
Let j(s) = -72*s + 2445. Calculate j(34).
-3
Let b(r) = -2*r**3 - 64*r**2 - 123*r - 101. Calculate b(-30).
-11
Let f(t) = t**2 - 99*t + 1912. Calculate f(26).
14
Let o(p) = -21*p**2 + 168*p - 49. Determine o(7).
98
Let c(q) = -q**2 - 23*q - 88. Determine c(-9).
38
Let x(h) = -h**3 + 9*h**2 - 16*h + 136. Calculate x(10).
-124
Let j(n) = -18*n - 134. Calculate j(-10).
46
Let q(z) = -4*z**3 + 2*z**2 + 13*z - 12. Calculate q(2).
-10
Let s(m) = -7*m + 227. Give s(10).
157
Let t(f) = -f**2 + 256*f - 1028. Give t(252).
-20
Let i(h) = -408*h + 42. Calculate i(1).
-366
Let y(v) = 2*v**3 - 44*v**2 - 53*v + 166. Give y(23).
5
Let o(k) = k**2 + 12*k - 11. Give o(2).
17
Let w(t) = t**3 - 10*t**2 + 17*t - 56. Determine w(9).
16
Let a(x) = 46*x**3 - 5*x**2 + 5*x + 9. Calculate a(-1).
-47
Let l(c) = -463*c + 1379. Give l(3).
-10
Let c(g) = -2924*g + 17539. Determine c(6).
-5
Let w(m) = 30*m**3 + m**2 - m - 5. Determine w(2).
237
Let d(t) = t**3 + 5*t**2 - 50*t + 91. Calculate d(2).
19
Let z(p) = -p**3 + 72*p**2 - 140*p + 10. Calculate z(70).
10
Let t(o) = 328*o + 5594. Give t(-17).
18
Let n(u) = -4*u**2 + 142. What is n(6)?
-2
Let d(f) = -4*f**2 + 72*f - 8. What is d(19)?
-84
Let l(b) = -895*b - 7189. Calculate l(-8).
-29
Let m(k) = 5*k**2 - 59*k - 44. Give m(14).
110
Let y(v) = v**2 + 38*v - 109. Calculate y(-41).
14
Let d(k) = -6*k**2 - 679*k - 816. Determine d(-112).
-32
Let u(y) = 14*y**2 - 621*y - 1054. What is u(46)?
4
Let r(x) = -20*x + 2749. Determine r(137).
9
Let f(r) = 2*r**3 + 11*r**2 + 26*r + 7. Give f(-5).
-98
Let a(x) = -1267*x**2 - 40*x + 38. Calculate a(1).
-1269
Let f(m) = -26*m - 293. Determine f(-11).
-7
Let i(c) = 2224*c + 13362. Give i(-6).
18
Let c(l) = 4*l**3 + 5*l**2 - 75*l - 145. Determine c(-2).
-7
Let x(f) = 16*f + 70. Give x(0).
70
Let g(q) = -12*q**2 - 206*q - 20. Determine g(-17).
14
Let t(k) = k**3 + 16*k**2 - 111*k - 132. Determine t(-21).
-6
Let s(r) = -2*r**3 + 6*r**2 - 10*r + 16. Give s(3).
-14
Let g(z) = -z**2 + 268*z + 1650. What is g(-6)?
6
Let a(f) = -9*f - 62. Give a(-7).
1
Let h(i) = 61*i - 185. What is h(3)?
-2
Let z(c) = 3*c**3 - 43*c**2 + 19*c - 13. Give z(14).
57
Let w(q) = 3*q**3 + q**2 + 45*q - 228. Calculate w(3).
-3
Let m(g) = -g**3 - 37*g**2 + 20*g + 744. Calculate m(-37).
4
Let m(v) = 22*v**2 + 32*v - 31. Give m(1).
23
Let b(c) = 5*c**3 + 298*c**2 - 109*c + 659. Give b(-60).
-1
Let h(c) = 49*c - 324. What is h(9)?
117
Let t(f) = 30*f**2 - 4*f + 1. What is t(-2)?
129
Let n(d) = 123*d - 1569. What is n(13)?
30
Let k(d) = -76*d + 8. Give k(-2).
160
Let a(z) = -z**2 - 14*z + 525. Give a(17).
-2
Let n(w) = -3*w**2 - 42*w - 32. Give n(-11).
67
Let a(l) = 27*l + 99. Give a(-6).
-63
Let x(l) = -l**2 - 151*l + 942. Give x(0).
942
Let t(x) = x**2 - 30*x - 162. Give t(-6).
54
Let w(k) = 25*k + 2052. Determine w(-82).
2
Let n(v) = -v**3 - 28*v**2 - 10*v - 1287. What is n(-29)?
-156
Let g(k) = -8*k**3 + k**2 - 3*k + 2. Determine g(2).
-64
Let t(i) = -i**3 - 39*i**2 + 93*i + 229. Give t(-41).
-222
Let g(n) = 7*n**2 - 238*n - 6. Calculate g(34).
-6
Let n(u) = u**3 + 3*u**2 - 9*u - 10. Calculate n(-4).
10
Let p(u) = -u**2 + 45*u - 492. Calculate p(18).
-6
Let o(i) = 123*i - 1. What is o(0)?
-1
Let h(n) = 3*n**3 - 90*n**2 - 15*n + 28. What is h(30)?
-422
Let f(w) = w**3 - 64*w**2 + 296*w - 74. Give f(59).
-15
Let v(t) = -2*t**2 + 3*t + 1497. Give v(28).
13
Let r(h) = 30*h + 1365. Give r(-45).
15
Let r(t) = t**3 + 9*t**2 + 2*t - 70. Calculate r(-6).
26
Let j(v) = 2*v**2 - 17*v - 27. Calculate j(0).
-27
Let f(m) = 4483*m - 1. Give f(0).
-1
Let t(x) = -4*x**2 + 320*x - 4959. Determine t(59).
-3
Let m(p) = 28*p + 325. Determine m(-14).
-67
Let j(x) = -6*x**3 + 27*x**2 + 12*x + 16. Calculate j(5).
1
Let w(z) = z**3 + 21*z**2 + 37*z + 49. Determine w(-19).
68
Let h(d) = 2*d**2 + 29*d - 419. Give h(-26).
179
Let a(t) = 3*t**3 - 6*t**2 + 10*t - 6. Give a(5).
269
Let u(g) = g**3 + 6*g**2 - 27*g - 277. What is u(6)?
-7
Let a(w) = -1345*w - 4046. Give a(-3).
-11
Let j(r) = -r**3 - 130*r**2 - 661*r - 4522. Determine j(-125).
-22
Let m(t) = -156*t**3 + 158*t**2 + 16*t - 15. Calculate m(1).
3
Let w(f) = f**3 - 2*f**2 - 195*f - 20. Give w(-13).
-20
Let z(c) = -2*c**3 + 19*c + 120. Give z(-7).
673
Let x(h) = 99*h - 3833. Calculate x(40).
127
Let n(b) = -39*b**2 - 286*b - 566. Give n(-2).
-150
Let s(z) = 17*z**2 - 20*z - 68. What is s(-2)?
40
Let p(a) = -2*a**3 - 34*a**2 + 346*a - 15. What is p(7)?
55
Let o(v) = 6*v**2 - 56*v - 50. Determine o(-1).
12
Let a(o) = -92*o - 555. What is a(-7)?
89
Let o(a) = -2*a**2 + 104*a + 809. Give o(58).
113
Let s(p) = -626*p - 26814. Determine s(-43).
104
Let v(c) = 2*c**2 + 74*c + 322. Give v(-32).
2
Let d(p) = 724*p + 147696. Give d(-204).
0
Let j(u) = -214*u - 49. Give j(-1).
165
Let z(l) = l**3 - 2*l**2 - 18*l - 1. What is z(3)?
-46
Let w(z) = 46*z - 366. Determine w(8).
2
Let j(q) = -q**3 - 7*q**2 + 3*q - 10. Give j(-7).
-31
Let y(w) = w**3 + 16*w**2 - 77*w - 10. Give y(-20).
-70
Let o(h) = -h**3 - 42*h**2 + 137*h + 115. Determine o(-45).
25
Let h(r) = -16*r**3 + 32*r**2 - 50*r. Determine h(3).
-294
Let d(z) = -77*z + 2416. What is d(30)?
106
Let h(w) = -w**3 + 27*w**2 - 43*w - 682. What is h(24)?
14
Let n(k) = -4*k**3 + 532*k**2 + k - 138. Calculate n(133).
-5
Let u(d) = d**2 - 1126*d + 3368. Calculate u(3).
-1
Let q(j) = 33*j + 703. Give q(-21).
10
Let z(f) = f**2 - 3*f + 13. What is z(4)?
17
Let x(v) = 30*v**3 + 91*v**2 + 20*v + 41. Give x(-3).
-10
Let s(c) = 3*c**3 - 20*c**2 - 16*c + 4. Determine s(7).
-59
Let f(g) = -g - 530. Calculate f(0).
-530
Let o(p) = -p**3 + 23*p**2 - 17*p - 47. Calculate o(22).
63
Let p(q) = q**3 + 12*q**2 + 97*q + 799. Calculate p(-10).
29
Let l(n) = 2*n**3 - 406*n**2 + 4*n - 882. Calculate l(203).
-70
Let j(w) = w**3 - 16*w**2 + 59*w + 30. Determine j(9).
-6
Let k(d) = -d**2 + 49*d + 94. Give k(30).
664
Let q(b) = -b**3 + 23*b**2 + 33*b - 143. What is q(24)?
73
Let z(m) = -m**2 + 33*m - 57. Give z(35).
-127
Let t(q) = -3*q - 32. Calculate t(-9).
-5
Let n(w) = 3*w**2 + 110*w + 39. Determine n(-36).
-33
Let g(s) = -103*s - 426. What is g(-3)?
-117
Let t(w) = 51*w**2 - 7*w. Give t(3).
438
Let h(j) = 8*j**2 + 131*j - 232. What is h(-18)?
2
Let r(o) = -110*o - 2322. What is r(-22)?
98
Let i(d) = 6*d**2 + 9*d - 53. What is i(-9)?
352
Let q(v) = -669*v + 105705. Calculate q(158).
3
Let x(b) = -b**2 - 331*b - 3213. Give x(-10).
-3
Let s(i) = -142*i - 2999. Calculate s(-21).
-17
Let x(q) = -63*q + 6117. Calculate x(97).
6
Let j(x) = -x**3 - x - 21. Determine j(0).
-21
Let b(x) = x**3 + 64*x**2 + 854*x - 42. What is b(-45)?
3
Let i(z) = -2*z**2 - 25*z - 17. What is i(-9)?
46
Let i(c) = -202*c - 184. Determine i(-1).
18
Let b(y) = y**2 - 947*y + 5646. What is b(6)?
0
Let o(i) = -276*i + 291. Determine o(1).
15
Let q(r) = -r**2 - 106*r + 1517. Determine q(13).
-30
Let p(r) = r**3 + 12*r**2 - 44*r + 29. What is p(-15)?
14
Let y(w) = -2*w**3 + 7*w**2 - 3*w + 25. What is y(4)?
-3
Let v(j) = -2*j**2 - 21*j + 24. What is v(-11)?
13
Let g(n) = -1408*n + 187271. Give g(133).
7
Let r(d) = 5*d**2 - 70*d - 264. Give r(17).
-9
Let a(u) = u**3 + 71*u**2 + 66*u - 205. Calculate a(-70).
75
Let y(r) = -20*r**2 + 89*r + 96. What is y(-1)?
-13
Let q(f) = 14*f**2 - 227*f + 254. Determine q(15).
-1
Let o(g) = 9*g**2 - 75*g + 20. Give o(8).
-4
Let z